42 and 16456398?
42
Calculate the greatest common divisor of 18460 and 397930.
130
Calculate the greatest common factor of 180933865 and 380.
95
Calculate the greatest common divisor of 242829 and 3.
3
What is the greatest common factor of 17762 and 24610?
214
What is the greatest common factor of 5372 and 10973653?
1343
Calculate the greatest common divisor of 3139732 and 834.
278
Calculate the highest common factor of 209408 and 34816.
512
What is the highest common divisor of 283 and 404049571?
283
Calculate the highest common factor of 51132943 and 5241.
1747
What is the greatest common factor of 68531068 and 16534?
2362
Calculate the highest common factor of 576888 and 54696.
1032
What is the highest common divisor of 26618619 and 2359?
337
What is the highest common factor of 407624 and 3424393?
1757
What is the greatest common divisor of 240021 and 29907?
9
Calculate the greatest common divisor of 225219 and 13875.
111
Calculate the greatest common divisor of 115304 and 2846872.
1624
What is the greatest common divisor of 46478088 and 408?
24
Calculate the greatest common divisor of 10731 and 3558527.
49
What is the greatest common factor of 1245 and 753723?
249
Calculate the greatest common factor of 346812 and 3012.
12
What is the greatest common divisor of 128 and 1989856?
32
Calculate the highest common divisor of 11834900 and 4.
4
Calculate the greatest common factor of 23128 and 237273456.
3304
Calculate the highest common divisor of 39696 and 39.
3
What is the highest common factor of 1740968 and 77472?
2152
What is the greatest common divisor of 1150 and 553775?
25
What is the greatest common divisor of 28801 and 166907?
347
Calculate the greatest common factor of 1326283 and 52822.
49
Calculate the greatest common divisor of 11119374 and 18.
18
Calculate the greatest common factor of 406395 and 9405.
495
What is the greatest common divisor of 68095701 and 1485?
27
Calculate the highest common factor of 14831199 and 27.
9
What is the greatest common factor of 8 and 7015346?
2
Calculate the highest common factor of 4316 and 30761211.
1079
Calculate the greatest common divisor of 35938777 and 683.
683
What is the greatest common divisor of 500105 and 23113?
29
Calculate the highest common divisor of 146028 and 37922.
566
What is the greatest common divisor of 88 and 2108887?
11
Calculate the greatest common divisor of 10094 and 49348124.
1442
What is the greatest common factor of 3074053 and 5565?
53
What is the greatest common factor of 28 and 17264956?
4
What is the highest common factor of 50329996 and 73?
73
Calculate the highest common divisor of 3 and 42489462.
3
Calculate the highest common factor of 38318 and 594881.
119
Calculate the highest common divisor of 513 and 2009318400.
513
Calculate the highest common factor of 17381617 and 34805.
6961
What is the highest common divisor of 14771 and 46366169?
14771
Calculate the highest common divisor of 4086 and 44029374.
1362
What is the greatest common divisor of 41847444 and 11296?
1412
Calculate the highest common divisor of 3200301 and 63.
9
What is the greatest common factor of 4480740 and 259842?
2046
Calculate the highest common factor of 90 and 12807255.
15
Calculate the greatest common divisor of 9536 and 42140925.
149
What is the greatest common divisor of 12617 and 549876388?
1147
Calculate the greatest common factor of 80 and 129866920.
40
Calculate the highest common divisor of 537280737 and 8477.
8477
What is the highest common factor of 7811776 and 2688?
448
What is the greatest common factor of 11977818 and 6?
6
Calculate the highest common factor of 99632381 and 491697.
18211
Calculate the highest common factor of 140 and 3967240.
20
What is the highest common divisor of 222900 and 15000?
300
Calculate the highest common factor of 65762271 and 1017.
1017
What is the greatest common factor of 35 and 69358254?
7
What is the greatest common divisor of 2200 and 12455960?
440
Calculate the highest common divisor of 269494 and 49784.
254
What is the greatest common factor of 1225353 and 4752729?
5127
Calculate the greatest common factor of 2565 and 5926860.
855
Calculate the highest common factor of 1585130 and 24026.
586
What is the highest common divisor of 37640 and 651140?
20
What is the greatest common divisor of 456 and 7428924?
228
Calculate the highest common divisor of 117 and 7560033.
39
What is the greatest common divisor of 1134 and 197261?
1
Calculate the greatest common divisor of 333338412 and 248.
124
Calculate the greatest common factor of 3323682 and 63.
9
What is the greatest common divisor of 130 and 15482350?
130
Calculate the highest common factor of 9591162 and 51.
51
What is the highest common factor of 637082926 and 339?
113
What is the greatest common factor of 1736 and 1119224?
248
What is the highest common factor of 131759958 and 528?
66
Calculate the highest common divisor of 18755 and 624965.
605
What is the highest common divisor of 54663 and 87132?
411
Calculate the highest common factor of 2859375 and 434375.
3125
Calculate the highest common factor of 36688 and 365774774.
4586
Calculate the highest common factor of 80075527 and 159.
53
Calculate the greatest common divisor of 32747974 and 101472.
2114
What is the highest common factor of 101907 and 121806?
603
Calculate the highest common factor of 46712 and 22744.
8
Calculate the greatest common divisor of 1152 and 244336.
16
What is the greatest common factor of 377 and 4482675?
29
Calculate the highest common factor of 860 and 5947545.
215
What is the highest common divisor of 19350 and 66540?
30
Calculate the greatest common divisor of 32369254 and 574.
82
What is the greatest common factor of 222170 and 22178?
26
What is the greatest common divisor of 25129280 and 10890?
1210
Calculate the highest common factor of 2469192 and 3300.
132
Calculate the highest common factor of 4514594 and 2.
2
Calculate the greatest common divisor of 2199 and 734903601.
2199
Calculate the highest common factor of 13865 and 69795.
235
Calculate the greatest common divisor of 945461748 and 462.
462
Calculate the highest common divisor of 86227 and 13635113.
3749
Calculate the greatest common factor of 38475 and 11768125.
475
Calculate the greatest common divisor of 154993189 and 13.
13
Calculate the highest common divisor of 106012451 and 46.
23
Calculate the greatest common factor of 5 and 44372265.
5
What is the highest common factor of 210120 and 3415480?
4120
Calculate the highest common factor of 3 and 9057429.
3
What is the greatest common divisor of 29831570 and 10?
10
Calculate the highest common divisor of 1108895 and 664360.
4885
Calculate the highest common divisor of 1908 and 40973452.
212
What is the greatest common factor of 156 and 9991644?
156
What is the highest common divisor of 55 and 465380?
5
What is the greatest common divisor of 54 and 19740447?
9
Calculate the greatest common factor of 12 and 168302388.
12
What is the greatest common factor of 34151 and 61975?
37
What is the greatest common factor of 36195385 and 1165?
1165
Calculate the greatest common factor of 124 and 1969337.
31
Calculate the highest common factor of 253232 and 13281352.
6664
Calculate the highest common divisor of 269334749 and 109.
109
What is the highest common divisor of 36941 and 97457?
41
Calculate the highest common factor of 43030 and 20522.
662
Calculate the greatest common divisor of 9891 and 23864.
157
Calculate the highest common divisor of 277 and 6263801.
277
Calculate the highest common factor of 2343056 and 138.
46
What is the greatest common factor of 5729779 and 319?
11
What is the greatest common factor of 1060 and 17118960?
20
Calculate the greatest common factor of 187360 and 5837435.
5855
Calculate the greatest common factor of 327402 and 35759961.
3483
Calculate the highest common divisor of 6543656 and 12544.
392
Calculate the highest common factor of 112 and 45754198.
14
What is the highest common factor of 560 and 22382486?
14
What is the greatest common factor of 1692 and 125735998?
94
What is the greatest common factor of 630352 and 112?
16
Calculate the highest common divisor of 407 and 18913697.
407
Calculate the highest common divisor of 44362 and 5073498.
1082
What is